 the ten thousands digit of m?
1
Suppose -81*a + 8 = -77*a. Suppose -3*t + 31*w + 478 = 32*w, 0 = -5*t - a*w + 796. What is the tens digit of t?
6
Let b(t) = -t**3 - 51*t**2 + 54*t + 606. What is the tens digit of b(-55)?
3
Let v = -9 - -8. Let z be (-500)/(-4)*v + -4. Let d = 251 + z. What is the tens digit of d?
2
Let g(u) = -u**3 + 7*u**2 + 2*u - 8. Let b(m) = m**3 - 18*m**2 + 15*m + 41. Let k be b(17). Let o be g(k). What is the tens digit of (192/6)/(2/o)?
9
Suppose -369*k + 8610726 = -3518634 - 5943891. What is the thousands digit of k?
8
Suppose -6*s = -2*s - 8. Let k(d) = 9*d - 4 + 0*d + 17 + d**3 + 4 + 10*d**s. What is the units digit of k(-7)?
1
Suppose -5*p + 22 = -2*w, 20 = 4*p - 0*w - 4*w. Suppose p*h + 0*h - 188 = -3*g, -130 = -3*h - 5*g. Let j = h + 32. What is the units digit of j?
2
Suppose -5*q + 22 + 3 = 0. Suppose 774 = y + 57. Suppose 6*f - 437 = -3*l + 2*f, -q*l - f = -y. What is the tens digit of l?
4
Suppose -9 = -5*f + 1. Suppose 0 = -2*z + 8, 3*y + 24 = 5*y + f*z. Suppose -y*j + 592 = -0*j. What is the units digit of j?
4
Let l = -260 - -116. Let y = l - -234. What is the units digit of y?
0
Let m = 36 - 42. Let g = m - -14. Suppose 32 - 152 = -g*n. What is the units digit of n?
5
Let n be 308 + -1 + 3*(-5)/15. What is the units digit of n + -1*(3 + -2)?
5
Let q(y) be the first derivative of -3*y**2/2 + 60*y - 40. What is the tens digit of q(-11)?
9
Let i be -3 - (-1 - (-2 - -28)). Suppose -13*k + 10*k + i = 0. What is the tens digit of ((-74)/k)/(6/(-48))?
7
Let r be 5636*6/48*(0 - -2). Suppose -3*h - r + 377 = 0. Let g = -173 - h. What is the tens digit of g?
7
What is the tens digit of (-2 + 1)*-793 + 315/(-63)?
8
Let h(b) = -2*b - 1. Let u be h(-4). Suppose -u*l + 863 + 684 = 0. What is the tens digit of l?
2
What is the tens digit of 16559 - (-2 + (-1)/(-3))/(69/207)?
6
Let n = 1175 + -641. Let b = -522 + n. What is the units digit of b?
2
Let w(s) = -43*s - 22. Let u be w(11). Let r be -2 - (1/4 + u/(-20)). Let f = -8 - r. What is the units digit of f?
9
Suppose -414 = r - 2*u, -7*r - 3*u - 1287 = -4*r. Suppose -x - 183 = 5*q - 5, -324 = 2*x + 2*q. Let t = x - r. What is the hundreds digit of t?
2
Suppose 36 = 12*w - 12. Suppose -53 = -k - 4*b, -w*k + 111 = 3*b - 49. What is the tens digit of k?
3
Let b(x) = -x**3 + x**2 + 73*x - 5. Let a be b(9). Suppose -4989 = -a*q + q. What is the units digit of q?
3
Suppose -16*u + 2853 = -11659. What is the units digit of u?
7
Let u(z) = -25 + 159*z - 119*z - 61. What is the tens digit of u(6)?
5
Let m(r) = -4*r + 19. Let i be m(12). Let d(h) = h**2 - h + 8. Let c be d(-7). Let z = i + c. What is the units digit of z?
5
Let g = 131 + -119. Suppose -3*u - g*w + 1092 = -9*w, 0 = -4*u + 5*w + 1429. What is the hundreds digit of u?
3
Suppose 2*h + 781 = 5*h - v, 2*v = -2*h + 526. Let m = -81 + h. What is the units digit of m?
0
Let r(w) = 363*w + 218. What is the thousands digit of r(18)?
6
Suppose 3*x + 0*x - 17 = 2*q, -26 = -4*x + 2*q. Suppose 2*i = 5*i + x. What is the tens digit of (((-340)/i)/5)/((-2)/(-15))?
7
Let r be 4*67*(-1160)/(-80). Suppose r + 2399 = 15*w. What is the hundreds digit of w?
4
Suppose 105*r + 9974 = 107*r + 4*y, 0 = -r - y + 4989. Suppose 119 - r = -7*a. What is the hundreds digit of a?
6
Let m be (-66)/(-8) + 4/(-16). Let f = m + 82. Let x = f + -19. What is the units digit of x?
1
Let c(d) = d + 11. Let y be c(-9). Suppose k - w + 23 - 103 = 0, 4*k - 335 = w. Suppose 31 = h - n - 13, -y*h - n + k = 0. What is the tens digit of h?
4
Let q(y) = -2*y**2 + 27*y - 65. Let p be q(10). Suppose 3*m + 828 = 5*f, 2*f - 356 = -p*m - 0*m. What is the units digit of f?
8
Let p(x) = 62*x**2 + 608*x + 56. What is the thousands digit of p(-17)?
7
Let s = 57 + -42. Suppose -d + 6 = -o, 5*o + 7 = d - s. Suppose 5*j + 5*t - 220 = 0, -j + 50 = -d*t + 6*t. What is the units digit of j?
2
Let c(p) = -p**3 + 19*p**2 - 48*p - 22. Let z be c(16). What is the tens digit of (-39)/((-108)/z - (20 + -15))?
2
Suppose -5 = 5*i + 4*a, -2*i + 7 = -a - 4. Suppose 0*o - 1001 = 2*h + 3*o, 1509 = -i*h - 3*o. Let j = -350 - h. What is the tens digit of j?
5
Let l be -5*((-165924)/(-30))/(-11). Let y = l + -1615. What is the hundreds digit of y?
8
Suppose -3*i + 72 = 5*i. Suppose i*n + n = 190. What is the tens digit of n?
1
Let n be 1617/(-1078) - (-47)/2. Suppose 3*g - 5*g + 3*o + 46 = 0, 0 = 4*g - o - 112. Let u = n + g. What is the units digit of u?
1
Let m = 28 - -50. Let b be 8/64 + m/16. Suppose 2*p - b*a = 108, -3*p + 2*a = 2*p - 228. What is the units digit of p?
4
Let y be ((-80)/(-14) - 2) + (-56)/(-196). What is the units digit of (914/(-4) - y)*4/(-3)?
0
Let o = -594 - -617. Suppose o*w - 26760 = 3*w. What is the units digit of w?
8
Suppose 2*g + p - 5*p - 26380 = 0, 2*p = 4*g - 52730. What is the ten thousands digit of g?
1
Let r = 363 + -361. Suppose r*f = -2*c + 746, 5*c + 101 = -f + 470. What is the units digit of f?
4
Suppose 11*z = 45917 + 151236. What is the hundreds digit of z?
9
What is the units digit of (2732/(-6830))/((4/(-6))/((-53435)/(-3)))?
7
Let o = -114 - -103. Let w(v) = -26*v - 87. What is the tens digit of w(o)?
9
Let z be 498/(-4)*(-2)/3. Let y(q) = q - 30. Let p be y(-5). Let x = z + p. What is the tens digit of x?
4
Suppose 1 = b - 8. Let t = 7 - b. What is the units digit of (0 - -1) + (-90)/t?
6
Let n(l) = l**3 + 53*l**2 + 3*l + 34. What is the units digit of n(-11)?
3
Suppose 6961 = 7*p - 4913 - 1125. What is the thousands digit of p?
1
Suppose 3*t + 33498 = 4*o, -3*t = 3*o - 12565 - 12590. What is the hundreds digit of o?
3
Let u(r) = r**2 + 10*r - 99. Let b = -525 + 505. What is the hundreds digit of u(b)?
1
Suppose 12*y - 292410 = 77382. What is the thousands digit of y?
0
Let i = 163 - 148. Let m(s) = s**3 - 16*s**2 + 13*s + 16. Let w be m(i). What is the units digit of -1*(-2)/(-2) + (-3 - w)?
0
Suppose 0 = m - 2*n - 20, -3*m = -m + 3*n - 12. Let a = -2665 - -2775. Let y = m + a. What is the tens digit of y?
2
Suppose 11 = 5*d - s, 14*s - 11*s - 24 = -4*d. Suppose 0*p + 5*n + 934 = d*p, 2*n = -p + 293. What is the tens digit of p?
0
Let p = -6239 - -15085. What is the hundreds digit of p?
8
Let s(w) be the second derivative of 11/6*w**3 - 9*w**2 + 0 + 16*w. What is the tens digit of s(6)?
4
Let q(r) = 520*r - 44. Let v(a) = -104*a + 9. Let n(s) = 5*q(s) + 24*v(s). Let d = 1770 + -1768. What is the tens digit of n(d)?
0
Suppose 49*s - 64*s + 10995 = 0. What is the tens digit of s?
3
What is the hundreds digit of 2640*(-3)/(-42)*7?
3
Suppose 5*j = 4*u - 40, 4*j - 6*j + 8 = 0. Suppose 5*y = -u, 0 = -6*t + 7*t + 5*y - 294. What is the hundreds digit of t?
3
Let c(g) = -3*g**2 - 25*g + 19. Let s be 8/(-12)*3*4. Let w be c(s). Let a = 33 - w. What is the units digit of a?
6
Suppose -5*h + 4332 = -11*h. Let t = -268 - h. What is the tens digit of t?
5
Let b(u) be the first derivative of u**2/2 + 23*u - 42. Let o be b(-20). Suppose -o*z + 39 + 63 = 0. What is the units digit of z?
4
What is the units digit of ((-6)/10)/(2/(-875))*648/15?
0
Let z be 694/(-6) + (8/(-6))/4. Let d = 331 - z. What is the hundreds digit of d?
4
Let h be ((-49)/(-14) - 5)/((-1)/2). Let m be 1205/(-15) + (-5)/h. What is the tens digit of m/(-4) - (-17)/(-34)?
2
Let l(x) = 748*x**2 + 37*x - 589. What is the thousands digit of l(10)?
4
Suppose 33*v + 2*z - 119442 = 29*v, -5*v + 2*z + 149280 = 0. What is the tens digit of v?
5
Suppose -3*p - 5*r + 66 + 217 = 0, 0 = -r - 1. What is the tens digit of p?
9
Let h(p) = 38*p + 95 - 133 + 135*p. What is the units digit of h(1)?
5
Suppose 227136 = -778*q + 806*q. What is the tens digit of q?
1
Let q be (9 + (-242)/33)*(92 + 1). Suppose 0 = -5*z + z - 368. Let b = z + q. What is the tens digit of b?
6
Suppose -5*p + 37505 = m, 0 = -5*m - p + 64849 + 122676. What is the hundreds digit of m?
5
Let i = -843 - -4625. What is the units digit of i?
2
What is the units digit of (8043/9 - -1)*(-3 + 6)?
4
Let r(k) = -k**3 + 7*k**2 - 4. Let i be r(5). Let c = -46 + i. Suppose -15*z + 7*z + 1512 = c. What is the units digit of z?
9
Suppose -20 = 16*u + 60. Let o(b) = 14*b**2 + 7*b + 9. What is the units digit of o(u)?
4
Let z(v) = 1028*v**2 + 401*v + 1634. What is the units digit of z(-4)?
8
Let g = 35 + -41. Let n(f) = 20*f - 9. Let p be n(g